
Is 239008 a multiple of 22?
True
Is 40 a factor of 446698?
False
Is 2178330 a multiple of 345?
True
Is 1130 a factor of 13945330?
True
Is 21 a factor of 48006?
True
Does 5 divide 9351?
False
Does 10 divide 5818290?
True
Is 55 a factor of 3344165?
True
Does 6 divide 2978?
False
Is 13968829 a multiple of 2179?
False
Does 94 divide 1046502?
True
Is 283 a factor of 1762241?
True
Is 96 a factor of 411648?
True
Is 37 a factor of 17611?
False
Does 9 divide 9249?
False
Is 119692 a multiple of 19?
False
Is 759675 a multiple of 18?
False
Does 119 divide 9757730?
False
Is 7470266 a multiple of 63?
False
Is 28 a factor of 547036?
True
Is 313176 a multiple of 28?
False
Is 605199 a multiple of 537?
True
Is 5 a factor of 13408?
False
Does 28 divide 19516?
True
Does 21 divide 51395?
False
Does 30 divide 8910?
True
Does 4 divide 9819?
False
Is 118041 a multiple of 108?
False
Is 83 a factor of 300132?
False
Does 192 divide 127611?
False
Is 57156 a multiple of 23?
False
Does 6 divide 298907?
False
Is 136896 a multiple of 368?
True
Does 13 divide 3975374?
True
Is 10 a factor of 2450?
True
Is 264 a factor of 4879512?
True
Is 60588 a multiple of 162?
True
Is 133 a factor of 93201?
False
Does 5 divide 97296?
False
Is 7960760 a multiple of 188?
False
Does 5 divide 1620975?
True
Does 721 divide 228467?
False
Does 7 divide 7651?
True
Is 36 a factor of 205669?
False
Does 138 divide 2204642?
False
Does 244 divide 94428?
True
Does 2 divide 2002727?
False
Does 973 divide 22008081?
False
Is 95488 a multiple of 128?
True
Is 9 a factor of 560239?
False
Is 674050 a multiple of 451?
False
Is 45937 a multiple of 69?
False
Does 23 divide 876921?
True
Does 6 divide 735576?
True
Is 372 a factor of 78967?
False
Is 20 a factor of 227760?
True
Is 27075656 a multiple of 101?
False
Is 14 a factor of 5284588?
False
Is 32 a factor of 40022?
False
Is 1361956 even?
True
Is 66107 a multiple of 306?
False
Does 48 divide 229551?
False
Is 1484902 a multiple of 3?
False
Does 18 divide 31045?
False
Is 17124150 a multiple of 20?
False
Is 21 a factor of 242986?
False
Does 181 divide 1109892?
True
Is 215158 a multiple of 167?
False
Is 610320 a multiple of 24?
True
Does 10 divide 44457?
False
Is 273152 a multiple of 16?
True
Does 152 divide 10022424?
True
Is 5661 a multiple of 43?
False
Is 6 a factor of 6259066?
False
Is 168 a factor of 320712?
True
Is 2 a factor of 161024?
True
Is 2258430 a multiple of 166?
True
Does 136 divide 39440?
True
Is 872 a factor of 1093423?
False
Is 1557284 a multiple of 9?
False
Is 4 a factor of 1612208?
True
Does 477 divide 2252871?
True
Does 42 divide 4539874?
False
Does 186 divide 126225?
False
Is 19 a factor of 14751353?
True
Does 4 divide 34109?
False
Is 42 a factor of 4194414?
True
Does 2 divide 138224?
True
Is 194761 a multiple of 7?
True
Is 362723 a multiple of 34?
False
Is 2773876 a multiple of 60?
False
Is 477 a factor of 712638?
True
Is 1505702 a multiple of 178?
True
Does 14 divide 23162930?
True
Is 32 a factor of 61472?
True
Does 24 divide 1101960?
True
Is 5 a factor of 7880?
True
Is 78 a factor of 40404?
True
Is 2534550 a multiple of 62?
False
Is 18 a factor of 890946?
True
Is 19760411 a multiple of 64?
False
Is 69535 a multiple of 318?
False
Does 17 divide 57199?
False
Is 2 a factor of 98774?
True
Is 5 a factor of 171224?
False
Is 69190 a multiple of 37?
True
Does 355 divide 1063233?
False
Is 68124 a multiple of 7?
True
Is 2412 a factor of 21260654?
False
Is 98952 a multiple of 168?
True
Is 779 a factor of 1794883?
False
Is 13 a factor of 824331?
False
Is 1228856 a multiple of 880?
False
Is 3067 even?
False
Does 87 divide 11705?
False
Is 174 a factor of 448147?
False
Is 54 a factor of 15498?
True
Is 13 a factor of 167284?
True
Is 10 a factor of 156060?
True
Is 1008800 a multiple of 160?
True
Is 8 a factor of 20114?
False
Is 160890 a multiple of 519?
True
Is 241692 a multiple of 66?
True
Is 6593534 a multiple of 32?
False
Is 6757186 a multiple of 3?
False
Is 831054 a multiple of 94?
True
Is 1566788 a multiple of 17?
True
Is 1117599 a multiple of 365?
False
Is 39 a factor of 489814?
False
Is 58 a factor of 67106?
True
Is 604 a factor of 77420?
False
Does 8 divide 1926968?
True
Does 5 divide 3931?
False
Is 55056 a multiple of 24?
True
Is 11 a factor of 4951511?
False
Is 1330863 a multiple of 59?
True
Does 159 divide 467415?
False
Does 216 divide 1249209?
False
Does 2 divide 928524?
True
Is 186989 a multiple of 83?
False
Does 29 divide 81461?
True
Does 19 divide 3401?
True
Is 20 a factor of 215187?
False
Is 79 a factor of 1021233?
True
Is 1079 a factor of 240144?
False
Does 717 divide 3034344?
True
Does 61 divide 28681?
False
Is 6664060 a multiple of 14?
False
Does 46 divide 318298?
False
Is 116 a factor of 2479730?
False
Is 63 a factor of 6775209?
True
Is 8605672 a multiple of 370?
False
Is 11988 a multiple of 3?
True
Is 178 a factor of 77608?
True
Is 204 a factor of 331121?
False
Does 9 divide 1144767?
False
Is 638 a factor of 1159246?
True
Is 8 a factor of 8967?
False
Is 321698 a multiple of 12?
False
Does 31 divide 43432?
False
Is 32925 a multiple of 6?
False
Does 405 divide 7026330?
False
Is 241592 a multiple of 96?
False
Does 191 divide 1202645?
False
Is 454217 a multiple of 40?
False
Does 48 divide 20651952?
True
Is 5358192 a multiple of 56?
True
Is 66 a factor of 1824009?
False
Is 18 a factor of 5742108?
True
Is 42 a factor of 2474388?
True
Does 14 divide 402687?
False
Is 107 a factor of 825933?
True
Is 5289739 a multiple of 435?
False
Is 18 a factor of 133330?
False
Does 62 divide 272056?
True
Does 48 divide 405600?
True
Is 5610666 a multiple of 327?
True
Does 114 divide 4377714?
True
Is 6 a factor of 37533?
False
Is 142130 a multiple of 233?
True
Does 3 divide 763931?
False
Does 737 divide 5387805?
False
Is 120835 a multiple of 13?
True
Does 36 divide 3627828?
True
Is 133 a factor of 275388?
False
Is 16 a factor of 97556?
False
Is 133 a factor of 1721268?
False
Does 307 divide 399328?
False
Does 13 divide 5623176?
True
Is 112514 a multiple of 367?
False
Is 161 a factor of 403144?
True
Is 596510 a multiple of 595?
False
Is 237 a factor of 359766?
True
Does 239 divide 2450534?
False
Does 14 divide 247025?
False
Is 6918759 a multiple of 70?
False
Is 13 a factor of 163046?
True
Is 1196888 a multiple of 116?
True
Is 2197293 a multiple of 19?
True
Is 28 a factor of 85512?
True
Does 11 divide 2785116?
False
Is 992 a factor of 1714176?
True
Is 240389 a multiple of 670?
False
Is 1018424 a multiple of 22?
True
Is 65 a factor of 4852640?
True
Is 120 a factor of 2104543?
False
Is 8542074 a multiple of 79?
False
Is 3526255 a multiple of 27?
False
Is 374 a factor of 540804?
True
Is 39 a factor of 36234?
False
Does 47 divide 386293?
True
Is 152512 a multiple of 162?
False
Is 11 a factor of 163664?
False
Does 521 divide 212699?
False
Does 38 divide 944300?
True
Does 96 divide 3685152?
True
Is 245 a factor of 364070?
True
Does 379 divide 984263?
True
Is 240 a factor of 135208?
False
Is 5 a factor of 2980970?
True
Is 356946 a multiple of 123?
True
Does 1060 divide 5565467?
False
Is 65 a factor of 21108945?
True
Is 1019361 a multiple of 239?
False
Is 13 a factor of 65054?
False
Is 12 a factor of 165120?
True
Is 8203018 a multiple of 329?
False
Is 211433 a multiple of 115?
False
Does 6 divide 36867?
False
Is 2 a factor of 949?
False
Is 977585 a multiple of 85?
True
Is 112812 a multiple of 476?
True
Is 346 a factor of 326231?
False
Is 270670 even?
True
Is 29 a factor of 76961?
False
Is 5685136 a multiple of 4?
True
Does 183 divide 36178?
False
Is 205 a factor of 3247815?
True
Is 215649 a multiple of 147?
True
Is 401 a factor of 1197217?
False
Is 106 a factor of 122642?
True
Is 327 a factor of 797557?
False
Is 138 a factor of 6619466?
False
Is 452 a factor of 15588969?
False
Does 216 divide 2553552?
True
Is 72912 a multiple of 560?
False
Is 79464 a multiple of 86?
True
Does 808 divide 3543080?
True
Is 23 a factor of 542639?
True
Is 7 a factor of 5141080?
True
Is 299184 a multiple of 12?
True
Is 48 a factor of 6720?
True
Is 230045 a multiple of 331?
True
Is 43 a factor of 442771?
True
Does 68 divide 4772988?
True
Is 32 a factor of 26072032?
True
Is 462134 a multiple of 225?
False
Is 1522752 a multiple of 204?
False
Is 2929 a multiple of 101?
True
Is 23 a factor of 229